0 + 2 = 0, 60 = 4*k - 2*o. Let r(l) = l**3 - 13*l**2 + 6*l - 7. What is r(k)?
-79
Let k(n) = -1. Let l(m) = -4*m - 6. Let w(s) = 5*k(s) + l(s). Let r(q) = -11*q - 32. Let t(b) = 3*r(b) - 8*w(b). Suppose 4*z + 14 = -2. Give t(z).
-4
Let l(s) = -10*s - 177 + s + 97 + 2*s + 37. Give l(-10).
27
Suppose -34*x + 25*x + 162 = 0. Suppose 0 = x*m + m + 133. Let a(g) = g**2 + 8*g - 2. Determine a(m).
-9
Let n be -3 - (2/4)/((-16)/480). Let h(l) = n - 4 + l - 4 - 6*l - l. Give h(3).
-14
Let w(s) = s - 4. Let q(l) = -l**2 - 13*l + 18. Let b be q(-16). Let f be 30/(-9) - 2*5/b. What is w(f)?
-7
Let f(y) be the first derivative of -19*y**2/2 - 112*y - 3167. Determine f(-6).
2
Let v(c) = 2*c + 1. Suppose d + 5*r = 9, -5*d + 16 = 2*r - 6*r. Let l(s) = s**3 - 4*s**2 + 11*s - 8. Let i be l(d). Suppose h + i = -5*h. Give v(h).
-11
Let o(j) be the first derivative of 6*j**2 - j + 1413. Calculate o(2).
23
Let c(z) = z**3 - 2*z**2 + 2. Let h(d) = -d**2 + 83*d + 1253. Let j be h(-13). Calculate c(j).
77
Let p = -111 - -113. Let o(v) = -28*v**2 + 0*v - 3*v + 27*v**p - 2 - 3*v**3. What is o(-2)?
24
Let v = -11 + 5. Let q(g) = 26*g + 55. Let f be q(-2). Let z(r) = 3*r + 6*r**2 - 75*r**3 + 159*r**f - 83*r**3. What is z(v)?
-18
Let x(s) = -11*s - 29. Let m(d) = 259*d + 5177. Let r be m(-20). Determine x(r).
4
Let m(g) = -6*g**3 + 2*g**2 + 3*g + 2. Let b(r) = -54*r**3 + 2*r**2 + 7*r + 6. Let a(s) = b(s) - 2*m(s). Determine a(-1).
41
Let q(g) = -3*g**3 + 2*g**2 - g + 1. Let z(u) = -13*u**3 + 6*u**2 - 2*u + 2. Let c(s) = -9*q(s) + 2*z(s). What is c(5)?
-5
Let z = 25616 - 25618. Let k(a) = a**3 + 6*a + 20. Give k(z).
0
Let y = -339 + 339. Let a be (-3 + 40/14)*y. Let h(g) = g**2 - g - 11. What is h(a)?
-11
Let b(p) = 4*p - 2*p**2 + 2 + 3*p**2 - p**3 + 2*p**2 - 3*p. Let z be b(3). Let j(a) = -1 + 4*a + 1 - 3*a + z. Determine j(-5).
0
Let y(k) be the third derivative of -k**5/30 + 3*k**4/4 + 3*k**3/2 - 7*k**2 - 5. Calculate y(8).
25
Suppose 63*y + 490 + 548 = -110*y. Let s(q) = 2*q**2 + 4*q - 45. Give s(y).
3
Let x(f) = -2*f + 1. Let p be x(5). Let u(d) be the first derivative of -d**2/2 - 9*d - 3835. Determine u(p).
0
Let n(w) = -9*w - 3 + 3*w - 5*w**2 + 5 - 4*w. Let i(b) = -14*b - 7*b - 9*b**2 - 49 + 2*b + 53. Let s(g) = -4*i(g) + 7*n(g). Calculate s(-6).
-2
Let x(p) be the first derivative of -p**2/2 - 46*p + 1055. What is x(-31)?
-15
Let s(v) = v - 9. Let i be 3*6/9 + 50 + -50. Let y(r) = r**3 - 4*r + 6. Let q be y(i). Calculate s(q).
-3
Let q = -392 + 404. Let f be 12/15*30/q + 6. Let n(a) be the third derivative of a**6/120 - 2*a**5/15 - a**4/24 + 7*a**3/6 - a**2. What is n(f)?
-1
Let o(n) = -9*n - 99. Suppose 1948 = -131*f + 376. Calculate o(f).
9
Let p(u) = 78*u + 69. Let v(b) = 195*b + 166. Let k(o) = 12*p(o) - 5*v(o). Determine k(1).
-41
Let x(p) = p**3 + 12*p**2 + 3. Suppose 0 = -3*s + 4*b - 6, 7 = 5*s - b + 17. Let w(h) = -h**3 - h**2 - 1. Let o(d) = s*w(d) - x(d). Determine o(10).
-1
Suppose -5*k + 2*s = -18, -s - 2 = -3. Let t(g) = -7993*g - 2 + 7995*g - 3*g**2 + 0*g**2 + 6*g**2 - g**3. What is t(k)?
-10
Let l(n) = -7*n - 2. Suppose 0 = -9*u - 2*u - 33. Let h be 4/(-2) + u + (-1 - -5). Determine l(h).
5
Let b(x) = -4*x - 1. Let t = -63 + 109. Let i = t - 52. Calculate b(i).
23
Let n(j) = j**3 + 6*j**2 + 3*j - 3. Let z(w) = 2*w - 32. Let i be z(17). Let x be 5/((i + -3)*3 + 2). Let b be n(x). Let u(s) = s**2 - 8*s + 10. Calculate u(b).
3
Let c(r) = 5*r**2 + 62*r + 74. Let i be c(-10). Let z(l) = -l**2 - 45*l + 50. Give z(i).
4
Let g(x) = -29*x + 1180. Let s be g(41). Let k(i) = -4*i**2 - 25*i + 98. Give k(s).
-1
Let z(j) be the first derivative of j**4/2 - 2*j**3/3 - j**2 - j - 789. Let h be 2/(-6)*(0 - 9). Suppose h*v + 5 = 2. Determine z(v).
-3
Suppose 14 = 5*t + p, -5*t + 26 = 182*p - 183*p. Let x(l) be the third derivative of -7/3*l**3 + 29*l**2 - 1/60*l**5 + 0*l - 1 + 1/2*l**t. Determine x(10).
6
Let q(i) = 6*i - 2. Let f(j) = j - 1. Let y(m) = 5*f(m) - q(m). Suppose -32 = 51*c + 733. Let a(b) = b**3 + 14*b**2 - 6*b + 130. Let n be a(c). Give y(n).
2
Let b(g) be the second derivative of 0*g**3 + 1/12*g**4 - 1/2*g**2 - 32 - g. Suppose 2*v - 5*u - 12 = 0, 0*u + 4*u + 4 = -4*v. Calculate b(v).
0
Let l(d) = 84*d - 753. Let h be l(9). Let z(k) = 5*k - 12 + 2 + 5 + 1 + h. Let g = 1 - 2. What is z(g)?
-6
Suppose -z - 4*z = 3*n + 1, n + 3 = -3*z. Let d be (z - (-24)/15)/((-2)/(-40)). Let f(w) = -w**2 - 9*w - 9. Calculate f(d).
-1
Let g(t) = 3*t**3 + 32*t**2 + 7*t + 2. Let l = -374 - -371. Let w(i) = i**3 + 11*i**2 + 3*i + 1. Let u(h) = l*g(h) + 8*w(h). Give u(-8).
-22
Let o be ((-25)/5 - -2) + 17. Suppose -21*v + o*v = 49. Let c(f) be the first derivative of f**4/4 + 7*f**3/3 + f**2/2 + 9*f - 2. Determine c(v).
2
Let w(u) = 15*u + 22*u - 9*u. Suppose 2*g - 1434 + 1416 = -5*d, -16 = -4*d. Give w(g).
-28
Suppose 0*h + 95*h - 15*h = 880. Let f(a) be the first derivative of 15*a + 1/2*a**2 + h. Determine f(0).
15
Suppose 3*l - 2*q = 3141, 3*l + 2*q = -0*l + 3141. Let y(o) = l*o**2 + 1 + 1046*o**2 + o - 2089*o**2. Determine y(-1).
4
Let p(u) = 5*u - 23*u - 5*u - u + 78 - 7*u. What is p(3)?
-15
Let d(s) = -5*s - 12. Let o(p) = -12*p - 25. Let v be 219/45 + (-2)/(-15) - -2. Let n(f) = v*d(f) - 3*o(f). Calculate n(8).
-1
Suppose -o = -3*i + 263, -5*o + 81 - 506 = -5*i. Suppose i*s - 90*s = 0. Let b(x) = -x**3 - x - 17. Calculate b(s).
-17
Let r(q) = -q + 6. Let m be r(-6). Let f(s) = -6*s + 11. What is f(m)?
-61
Let z be ((-42)/189)/(1/(-9)). Let r(b) = -1 - b**z - 7 + 9 + 2*b**2 + 6. Give r(0).
7
Let z(l) be the third derivative of l**5/60 - l**4/8 + l**3 - 4981*l**2. Suppose 4*o = -2*k + 4*k - 40, -5*o - 20 = -k. Suppose -3*y - 2 + k = 0. What is z(y)?
24
Let t(c) = -9*c**2 + 12*c - 29. Let l be t(4). Let b = -137 - l. Let d(z) = -z**2 - 13*z - 7. Give d(b).
5
Let f be -21*((-165)/45 - -4). Let v(d) = -d**2 - 9*d - 6. What is v(f)?
8
Let l(h) be the second derivative of -h**5/60 + 5*h**4/24 - 3*h**3/2 - 51*h**2/2 - 119*h. Let w(v) be the first derivative of l(v). Determine w(6).
-15
Let m(y) = 7*y**2 - 475*y - 1 + 508*y - 6. Calculate m(-5).
3
Suppose 0 = -2*x + 5*x + 6. Let j(l) = 2*l**2 + l + 10. Let d(p) = -22*p**2 - 11*p - 105. Let b(t) = 2*d(t) + 21*j(t). Calculate b(x).
-6
Let f be (1/((-1)/6) - (5 + -6)) + 2. Let c(l) = l**3 + 2*l**2 - 2*l - 6. Give c(f).
-9
Let r(z) = z**2 - 5*z + 12. Suppose 3*c = -75 + 90. Suppose -c*m = -5*v + 25, 2*m + 41 - 36 = v. What is r(v)?
12
Let m(j) = -10*j**2 - 30*j - 2. Let w(t) = -22*t**2 - 63*t - 3. Let z(f) = -13*m(f) + 6*w(f). What is z(6)?
8
Suppose y + y - 6 = 0. Let r(p) = -151*p - 151*p - y + 300*p. Give r(-4).
5
Let i(b) = b**2 - 59*b + 18. Let p(v) = v**2 - 88*v + 23. Let j(k) = -7*i(k) + 5*p(k). What is j(-13)?
2
Let k(i) = -2*i**3 + 5*i + 1. Let o(l) = 7*l**3 - 6*l**2 - 19*l + 35. Let p(z) = 3*k(z) + o(z). Determine p(6).
14
Let o be 4400/(-704) + (9/4)/(-3). Let m(f) = 5*f**3 + 6*f**2 - 6*f - 2. Let d(c) = 14*c**3 + 18*c**2 - 19*c - 6. Let n(w) = 4*d(w) - 11*m(w). What is n(o)?
19
Suppose -32*n + 65 - 237 = 54*n. Let s(h) = -23*h**2 - 2*h - 3. What is s(n)?
-91
Suppose 2*x - 1 - 5 = 0. Let t(k) = -k**2 + 47*k + 3. Let q(i) = 2*i**2 - 45*i + 1. Let o(a) = -q(a) - t(a). Give o(x).
-19
Let m(o) = 653*o**2 - 652*o**2 - 5 + 4 - 14*o + 16 + 2*o. Give m(7).
-20
Suppose -3*b - 2925 = -5*t, 5*t - b = 1777 + 1148. Let s = t - 591. Let j(d) = 1 - 11*d**2 - d**3 - 7*d + 4*d**2 - 3. Give j(s).
4
Let y = -28 + 32. Let w(c) = -c - y*c - 4 - 1 + 3*c. Let n(q) = -3*q - 10. Let k(s) = 4*n(s) - 7*w(s). Determine k(6).
7
Let w = -227 - -296. Let m be -67 + w + 6*-1. Let k(d) = -2*d**2 + 7. Let q(b) = -b**2 - b + 1. Let g(n) = -k(n) + 3*q(n). Calculate g(m).
-8
Let j(p) = p**2 - 4. Let s be ((-36)/(-8) + 0 + -5)/((-1)/10). Determine j(s).
21
Let t(v) be the first derivative of 2*v**2 + 3*v + 31. Let n = -308 + 181. Let s = n + 125. Determine t(s).
-5
Let y(t) = -t**2 - 3*t + 103. Suppose 266*g - 1220 = -66*g + 1768. Give y(g).
-5
Let h(w) = w**3 + w**2 - 9*w - 9. Let m be ((-130)/1040)/(0 + (-1)/(-8)). Determine h(m).
0
Let u(d) = -d**3 + 2*d**2 - 3*d + 3. Let i = 329 + -327. Let k be u(i). Let s(p) = -p - 3. Calculate s(k).
0
Suppose 18 = 3*v - 3*b, 22 = -v + 4*v + b. Let g be 5/(-2)*12/(-15). Suppose g*t + v = 19. Let l(m) = -m - 1. Wh